et i be (-4)/12 - 212/(-6). Is i/(2 - (1 + 0)) composite?
True
Suppose -5*o + o = -3*m - 195, 0 = -3*m + 9. Let z = 42 + o. Suppose -5*j + 2*j = -z. Is j a composite number?
False
Let y(p) = p**2 + 3*p - 8. Let u be y(-7). Is ((-10)/u)/(2/(-1484)) a composite number?
True
Let j = 1195 + -684. Is j composite?
True
Let j = 16 - 2. Suppose -5*p + j = -1. Suppose 5*f - 3*k - 127 = 168, -f + p*k = -59. Is f a composite number?
False
Let t(r) be the third derivative of r**5/60 - r**3/6 - 3*r**2. Is t(-2) a prime number?
True
Is (3 + (-21)/6)*-2762 prime?
True
Let s = 1327 - 926. Suppose s = 6*w - 5*w. Is w composite?
False
Is (3 - 3) + 157/1 prime?
True
Suppose 0 = 12*h - 8*h - 6932. Is h a prime number?
True
Let i = -289 + 846. Is i a composite number?
False
Is 1146*(-25)/(-10) - 4 a composite number?
False
Let w(o) = 2*o + 4. Suppose 6 + 21 = 3*b. Is w(b) a composite number?
True
Suppose 0 = 3*b + b - 12, -19 = -2*t - 3*b. Suppose -t*z = 2*f - f - 3152, 4*z - 2527 = f. Is z prime?
True
Let o be (3/(-2))/(1/(-4)). Let r = -1 + o. Suppose 2*g = -3*h - 87 + 352, 0 = r*h + 3*g - 440. Is h composite?
True
Let f(s) = -75*s - 2. Let b be (-15)/(-6)*(0 - -4). Suppose -b = r + r. Is f(r) prime?
True
Let q be 6/4*8/6. Suppose v - 9 = -q*v. Suppose -2*s - 113 = -v*r, -2*r + 0*s - 2*s = -62. Is r composite?
True
Let b(f) = -4*f**2 - 6*f + 7. Let u(y) = 13*y**2 + 19*y - 22. Let q(a) = -7*b(a) - 2*u(a). Is q(6) a prime number?
False
Let g(p) = 40*p**2 + 2*p - 3. Let t(z) = 41*z**2 + z - 2. Let m(r) = -3*g(r) + 4*t(r). Is m(-3) a composite number?
True
Let y = 15 - -679. Is y prime?
False
Suppose 0 = 4*s + 4*b - 320, 3*s - b = 4*b + 232. Is s a composite number?
False
Suppose -r + 6*r - 10 = 0. Let s be 1/r*4 - -2. Suppose 2*y - 56 = -s. Is y prime?
False
Let w(o) = -2*o**3 - 7*o**2 - 5*o - 7. Let n be w(-5). Let p = -44 + n. Is p a composite number?
True
Suppose 0*b + 4*b = 196. Is b prime?
False
Let r = 1 + -11. Is r/35 + 102/14 prime?
True
Let z(f) = 88*f**2 - f + 8. Is z(3) prime?
True
Suppose -2*x = -2*w - 6, 2*w - 2*x + 6 = 5*w. Suppose w = -y - y. Suppose 3*a - 2*u = 50, 3*a - 38 = -u - y*u. Is a prime?
False
Suppose -3*k = 848 + 130. Is (-1)/2*k + -2 a prime number?
False
Let s = -3 - -3. Suppose 15 = 5*u - s*u. Suppose h = u - 0. Is h prime?
True
Let m(a) = a**3 - 4*a**2 - 3*a - 6. Let i be m(5). Suppose 3*g + 3 = i*g. Suppose 33 = 3*n + g*v - 5*v, -5*n + v = -62. Is n a prime number?
True
Let q(i) = -6*i + i**2 - 5 + 6*i**2 + i**2 + 2*i**2. Is q(-4) prime?
True
Is (-2)/(-8) + 2668/16 a composite number?
False
Let v(m) be the third derivative of -m**6/12 + 7*m**5/60 - m**4/8 + 7*m**3/6 + 3*m**2. Let p be v(5). Is p/(-5) + (-2)/(-5) a prime number?
False
Let v be (-34)/(-10) - 6/15. Suppose -73 - 206 = -v*r. Is r composite?
True
Suppose 5*t + 5*s - s - 412 = 0, t = 3*s + 71. Let g = -45 + t. Is g a composite number?
True
Suppose l = 18 - 3. Suppose -x + l = -0*x. Is x a prime number?
False
Let t(z) = -z**2 + z. Suppose 4*g = g + 9. Let h be t(g). Let q = h + 9. Is q a prime number?
True
Let p be 1/(1 - 15/18). Let k = 8 - p. Suppose -2*y + 6*y = -r + 31, 4*r + k = 2*y. Is y prime?
True
Let k(w) = -w**2 + 28*w + 5. Let p be k(17). Let r = 1 - -3. Suppose 0 = -r*d + 28 + p. Is d a composite number?
True
Let k(z) = z**3 + 9*z**2 - 10*z + 11. Let q be k(-10). Suppose -3*i - 4*s = -q, -4*s + 6 = -3*i + 1. Is (0/i)/(-2) + 19 a composite number?
False
Let f(y) = y**2 + 3*y + 2. Let n be f(-4). Suppose n*q - 3*q - 261 = 0. Suppose 44 + q = c. Is c a prime number?
True
Let y be (-4)/(1/(-6)*1). Suppose 4*j + 0*g - 9 = -g, 3*j - 5*g - y = 0. Suppose j*n - 40 = 59. Is n composite?
True
Let b(i) = -2*i**2 - 6*i - 3. Let z be b(-4). Suppose -28 = a - 3*p + 20, 4*p = -4*a - 224. Let s = z - a. Is s a prime number?
True
Let o(c) = 5*c + 28. Is o(18) a composite number?
True
Let k(p) be the second derivative of -p**3/2 + 7*p**2/2 + 3*p. Is k(-8) a composite number?
False
Suppose 11 = 4*n - 5. Let k(f) = 7*f**3 - 5*f**2 + 3*f + 1. Is k(n) prime?
False
Let x = 14 + -10. Suppose -q + x*q = 66. Is q a prime number?
False
Suppose -c = 5*w - 81, -2*w = -5*c - 6*w + 426. Is c a composite number?
True
Let h = 620 - 399. Is 0 + 2 + h*1 composite?
False
Let r(a) = -a**2 + 8*a - 7. Let i be r(6). Suppose -i*v - 669 = 1121. Let q = -157 - v. Is q a composite number?
True
Let w be -2*3*3/(-6). Suppose x = -w*x + 160. Suppose 0 = l + 2*s - 15, 4*l - 3*s - x = 9. Is l prime?
True
Let p(b) = -128*b + 23. Is p(-12) prime?
True
Let n = 364 + -185. Suppose -10 = 2*f, -4*m + n - 47 = -4*f. Let l = m - 15. Is l prime?
True
Let c be (-12)/(-7) + 20/70. Is c + 1 - (1 - 199) a prime number?
False
Suppose -2*i = -4, 0*i - 3*i - 249 = -3*f. Is f composite?
True
Let y be 3/(28/10 + -3). Is (-1 + 222/y)*-5 a prime number?
True
Suppose -3*b = b + 20, 5*b = 5*z - 980. Is z a prime number?
True
Let u = -14 - -5. Let m = -7 - u. Suppose 543 = m*y + 5*q, -4*q = -5*y - 9*q + 1350. Is y a composite number?
False
Let o(r) = -r + 2. Let i be o(4). Is (-11)/i*(-3 - -7) a composite number?
True
Is (-6)/4 + ((-9564)/(-8) - 3) a prime number?
False
Let c(b) = 8*b**2 + 2*b - 71. Is c(21) a composite number?
False
Let l(i) be the second derivative of 7*i**3/3 + 7*i**2/2 + 2*i. Is l(8) composite?
True
Suppose -3*l - 3 + 18 = 0. Suppose -2*h - 2*h = l*p - 71, -3*p - 3 = 0. Is h prime?
True
Let i = 305 - 156. Is i composite?
False
Is 1/(-2*(-2)/2008) prime?
False
Suppose 2*b - 5*b = -1341. Is b a prime number?
False
Suppose -66*d - 1315 = -67*d. Is d composite?
True
Suppose 5*s - 2*s - 3 = 0. Let g(i) = -2*i**3 - i**2 + i. Let j be g(s). Let w(f) = -2*f + 2. Is w(j) composite?
True
Suppose 2*j + 10 = 0, -2*f + 17 = -3*j - 422. Suppose f - 1 = c. Is c a prime number?
True
Suppose -8*k + 5495 = -3*k. Is k a composite number?
True
Suppose 0*d + 5*d - 205 = 0. Suppose 0 = -4*v + 163 + d. Is v a prime number?
False
Let t(m) = 32*m**2 - 2*m + 3. Let b be t(2). Suppose 0*q - 103 = -2*x - 5*q, 2*x - b = 3*q. Is x prime?
True
Let g(m) = 16*m - 6. Let v be g(11). Suppose 0 = 3*w - b - 102, -5*w + 0*b = 5*b - v. Is w a composite number?
True
Let t = -39 + -46. Let d = 78 - t. Is d composite?
False
Suppose 4*t + 4 = 5*k, -10 = -2*t - 5*k + 18. Suppose -t*x = -0*x - 20. Suppose 70 = -3*q + x*q. Is q a composite number?
True
Suppose -5*h + 10 = 2*f, 4*h - f - 6 = 2. Suppose -d + 269 = 4*c, d - 3 = -h. Is c composite?
False
Let v(n) be the second derivative of 0 + 1/3*n**3 - 3/2*n**2 + n. Is v(9) prime?
False
Suppose 0*a - a - 31 = 3*m, -3*a + 24 = -4*m. Let p = m - -31. Let h = p + 4. Is h prime?
False
Is 2/(-6) - 5624/(-6) prime?
True
Is (265/1)/((-1)/(-1)) a prime number?
False
Let v = 3633 + 914. Is v prime?
True
Let s(u) = u**3 - 5*u**2 + 6*u - 1. Let g be s(4). Let a = g - -12. Is a a prime number?
True
Let y(q) = -q**3 + 10*q**2 + 6*q - 10. Let w be y(9). Let j = -42 + w. Is j a prime number?
True
Suppose 0*g = 5*g - 3155. Is g composite?
False
Suppose 3*v - 4729 = -4*z, z - 2*z - 5*v = -1161. Is z a prime number?
False
Let z be (2/(-4))/(5/10). Let o(i) = 1. Let v(k) = k - 14. Let y(b) = z*v(b) - 6*o(b). Is y(-6) composite?
True
Let q(g) = -g. Suppose 4*n + 5 + 7 = 0. Let l be q(n). Let t = 10 - l. Is t prime?
True
Let o = -18 + 67. Is o a composite number?
True
Suppose s - 10 = -0*s. Let l be -2 - (-5)/(s/(-88)). Is l*(-3)/(-6)*-3 a prime number?
False
Suppose 0 = 4*f - 2*z - 1328, -3*f + 169 = 3*z - 818. Is f composite?
False
Let q(x) = -9*x - 2. Is q(-1) composite?
False
Let w(r) = r**3 + r**2 - r + 5. Suppose 4*i = -3*l - 0*l - 6, -4*l = 4*i + 8. Let x be w(i). Let h(k) = 14*k - 5. Is h(x) prime?
False
Let d(q) = 2*q**2 + 11*q + 3. Is d(-8) composite?
False
Suppose 5*t = -5*f + 330, 402 - 130 = 4*f - 4*t. Is f prime?
True
Let b be (-2)/(-4)*(-24)/2. Let t(d) = -19*d. Let y be t(b). Let g = y - 80. Is g composite?
True
Suppose o - 304 = 5*p, -4*o + 3*o = p - 310. Is o composite?
True
Suppose 0 = 5*l - 4*l + 27. Let f = 89 + l. Is f prime?
False
Suppose b + 2 - 5 = 0. Suppose 2*d + 2*d = -3*x + 303, -x - d + 102 = 0. Suppose -3*z - 2*f = -x, -5*f + 133 = b*z + z. Is z a prime number?
True
Let x(v) = 2*v + 1. Let i be x(3). Is 3 + 10*(3 + i) prime?
True
Let w be ((-1)/2)/((-3)/192). Let q be -21 + (-3 - -3) - -2. Le